{"id":113,"date":"2017-02-02T12:51:59","date_gmt":"2017-02-02T12:51:59","guid":{"rendered":"http:\/\/test.wasserski-hannover.de\/?page_id=113"},"modified":"2017-04-15T17:42:42","modified_gmt":"2017-04-15T16:42:42","slug":"disziplinen","status":"publish","type":"page","link":"https:\/\/www.wasserski-hannover.de\/?page_id=113","title":{"rendered":"Disziplinen"},"content":{"rendered":"<h3>Paarski<\/h3>\n<p>Mit Paarski wird traditionell begonnen wenn man das erste Mal Kontakt mit dem Wassersport hat. Man beginnt gebeugten Knien aus der Hocke sitzend mit dem Start aus dem Wasser wobei die Arme lang gestreckt sein sollen. Die Skispitzen schauen aus dem Wasser und das Boot zieht an. Nach \u00fcblicherweise 1 &#8211; 2 Fehlversuchen gelingt durch die Hinweise der Bootscrew der Start und die ersten Meter auf Skiern werden zur\u00fcckgelegt. Nach mehreren \u00dcbungsfahrten steigt die Sicherheit auf den Skiern und die Wellen werden problemlos gekreuzt. Je nach Wunsch des L\u00e4ufers kann nun begonnen werden mit dem Slalomskifahren zubeginnen.<\/p>\n<h3>Slalom<\/h3>\n<p><span style=\"font-family: Verdana,Arial,Helvetica,Lucida Sans,Tahoma;\">Das Zugboot f\u00e4hrt mit gleichm\u00e4\u00dfiger Geschwindigkeit duch die Bootsgasse der Bojengasse. Der L\u00e4ufer muss nach Passieren des Eingangstores alle 6 Au\u00dfenbojen (je 3 auf einer Seite) umrunden und das Slalomfeld durch das Ausgangstor wieder verlassen.Gelingt es dem Wasserskil\u00e4ufer ohne zu st\u00fcrzen oder eine Boje auszulassen durch den Kurs zu fahren, wird die Geschwindigkeit erh\u00f6ht oder die Zugleine verk\u00fcrzt. <\/span><\/p>\n<p><span style=\"font-family: Verdana,Arial,Helvetica,Lucida Sans,Tahoma;\">Unter optimalen Verh\u00e4ltnissen (wenig Str\u00f6mung und Wind) fangen die Wettkampfl\u00e4ufer bereits mit der f\u00fcr diese Disziplin maximalen Bootsgeschwindigkeit von 58 km\/h f\u00fcr Herren und 55 km\/h f\u00fcr die Damen und einer Leinenl\u00e4nge von 18,25 m an zu laufen.<\/span><\/p>\n<p><span style=\"font-family: Verdana,Arial,Helvetica,Lucida Sans,Tahoma;\">Der Reiz des Slalomfahrens liegt in der Geschwindigkeit und dem beherrschen einer perfekten K\u00f6rperhaltung auf dem Ski.<\/span><\/p>\n<p><img loading=\"lazy\" decoding=\"async\" class=\"wp-image-135 size-full alignleft\" src=\"http:\/\/test.wasserski-hannover.de\/wp-content\/uploads\/2017\/02\/film-uwe-1.jpg\" width=\"200\" height=\"150\" \/> <img loading=\"lazy\" decoding=\"async\" class=\"wp-image-136 size-full alignleft\" src=\"http:\/\/test.wasserski-hannover.de\/wp-content\/uploads\/2017\/02\/film-uwe-2.jpg\" width=\"200\" height=\"150\" \/>\u00a0 <img loading=\"lazy\" decoding=\"async\" class=\"wp-image-137 size-full alignleft\" src=\"http:\/\/test.wasserski-hannover.de\/wp-content\/uploads\/2017\/02\/film-uwe-3.jpg\" width=\"200\" height=\"150\" \/><\/p>\n<h3>Trickski<\/h3>\n<p>E<span style=\"font-family: Verdana,Arial,Helvetica,Lucida Sans,Tahoma;\">in sogenannter Figurenlauf besteht aus 2 Durchg\u00e4ngen von je 20 Sek. Dauer. In diesen beiden Durchg\u00e4ngen soll der L\u00e4ufer m\u00f6glichst viele verschiedene Figuren vorf\u00fchren, wie er beherrscht. Dabei stehen jedoch nur jene Drehungen und Spr\u00fcnge zur Wahl, die das internationale Reglement anerkennt. Wiederholungen von Figuren werden nicht gewertet.<\/span><\/p>\n<p><span style=\"font-family: Verdana,Arial,Helvetica,Lucida Sans,Tahoma;\">Die Bootsgeschwindigkeit darf vom L\u00e4ufer f\u00fcr jeden Durchgang frei bestimmt werden (ca. 28 km\/h). Die Leinenl\u00e4nge und die Art des Griffes k\u00f6nnen vom L\u00e4ufer ebenfalls frei gew\u00e4hlt werden.<\/span><\/p>\n<p><span style=\"font-family: Verdana,Arial,Helvetica,Lucida Sans,Tahoma;\">Die zul\u00e4ssigen Figuren sind im internationalen Reglement beschrieben. Es wird unterschieden zwischen Figuren auf 2 und auf 1 Ski. Figuren auf 1 Ski werden wegen ihrer gr\u00f6\u00dferen Schwierigkeit h\u00f6her bewertet. Ferner unterscheidet man zwischen &#8222;Drehungen auf dem Wasser&#8220;, &#8222;Drehungen in der Luft beim Sprung \u00fcber die Welle&#8220; und &#8222;Drehungen mit der Hantel am Fu\u00df&#8220;. Da Figuren am Fu\u00df und Figuren in der Luft meist wesentlich schwi<\/span><span style=\"font-family: Verdana,Arial,Helvetica,Lucida Sans,Tahoma;\">eriger sind, werden sie entsprechend h\u00f6her bewertet.<\/span><\/p>\n<p><img loading=\"lazy\" decoding=\"async\" class=\"wp-image-139 size-full alignleft\" src=\"http:\/\/test.wasserski-hannover.de\/wp-content\/uploads\/2017\/02\/TRICK-6.jpg\" width=\"200\" height=\"133\" \/>\u00a0\u00a0\u00a0\u00a0 <img loading=\"lazy\" decoding=\"async\" class=\"wp-image-138 size-full alignleft\" src=\"http:\/\/test.wasserski-hannover.de\/wp-content\/uploads\/2017\/02\/TRICK-9.jpg\" width=\"200\" height=\"133\" \/><\/p>\n<h3>Barfuss<\/h3>\n<p>Wie der Name schon impliziert, ist Barfusswasserski Wasserski ohne Ski oder \u00e4hnliche Ger\u00e4te, die an die F\u00fc\u00dfe angebracht werden &#8211; allein die nackten F\u00fc\u00dfe m\u00fcssen herhalten! Und: auch ohne Brett an den F\u00fc\u00dfen sind sagenhafte Figuren durchaus m\u00f6glich. Geschwindigkeit ist ein wichtiger Faktor (bis zu 72 km\/h sind notwendig!), ruhiges Wasser eine unverzichtbare Bedingung.<\/p>\n<p>Gefahren wird bei Bewerben in vier Disziplinen: Slalom, Trick, Jump und daraus wird ein Gesamtwertung errechnet (Overall).Beim Slalom (auch Wake Slalom genannt) muss der &#8218;L\u00e4ufer&#8216; die Heckwelle des Bootes m\u00f6glichst oft innerhalb von zwei 15-Sekunden-Runden \u00fcberqueren. Beim Trick-Bewerb geht es um Koordination und Kreativit\u00e4t. Auch hier haben die Rider zweimal 15 Sekunden Zeit ihre besten Figurenablauf zu pr\u00e4sentieren. Schwierigste und spektakul\u00e4rste Disziplin ist das Springen: Bei einer maximalen Geschwindigkeit von 72 km\/h werden die Barfusswasserskifahrer \u00fcber eine Rampe gezogen &#8211; drei Versuche haben sie, um den weitesten Sprung zu erzielen. 25-Meter-Spr\u00fcnge sind dabei erreichbar. Schlie\u00dflich k\u00f6nnen die Athlethen auch beim Overall-Bewerb starten, dazu m\u00fcsssen sie sowohl im Slalom-, als auch im Trick- und im Sprung &#8211; Wettbewerb Punkte sammeln, um letztendlich in die finale Rangliste zu kommen.<\/p>\n<p><img loading=\"lazy\" decoding=\"async\" class=\"wp-image-223 alignnone\" src=\"http:\/\/test.wasserski-hannover.de\/wp-content\/uploads\/2017\/02\/2013_07_Weser_Boom_001-300x199.jpg\" width=\"200\" height=\"133\" srcset=\"https:\/\/www.wasserski-hannover.de\/wp-content\/uploads\/2017\/02\/2013_07_Weser_Boom_001-300x199.jpg 300w, https:\/\/www.wasserski-hannover.de\/wp-content\/uploads\/2017\/02\/2013_07_Weser_Boom_001-768x510.jpg 768w, https:\/\/www.wasserski-hannover.de\/wp-content\/uploads\/2017\/02\/2013_07_Weser_Boom_001-1024x680.jpg 1024w\" sizes=\"auto, (max-width: 200px) 100vw, 200px\" \/><img loading=\"lazy\" decoding=\"async\" class=\"wp-image-216 alignnone\" src=\"http:\/\/test.wasserski-hannover.de\/wp-content\/uploads\/2017\/03\/Frank-dritter-Invert-High-300x203.jpg\" width=\"197\" height=\"133\" srcset=\"https:\/\/www.wasserski-hannover.de\/wp-content\/uploads\/2017\/03\/Frank-dritter-Invert-High-300x203.jpg 300w, https:\/\/www.wasserski-hannover.de\/wp-content\/uploads\/2017\/03\/Frank-dritter-Invert-High-768x519.jpg 768w, https:\/\/www.wasserski-hannover.de\/wp-content\/uploads\/2017\/03\/Frank-dritter-Invert-High-1024x692.jpg 1024w\" sizes=\"auto, (max-width: 197px) 100vw, 197px\" \/><\/p>\n<h3>Wakeboard<\/h3>\n<p>Wakeboard ist eine Disziplin die dem Snowboardfahren recht \u00e4hnlich ist. Die Position der Bindungen ist nahezu identisch. Ziel sind hohe und weite Spr\u00fcnge die mit diversen Tricks wie Drehungen, Saltos und Grabs aufgewertet werden k\u00f6nnen. Beim Wakeboarden hinter dem Boot werdne die Heckwellen als Rampe genutzt, an einer Wasserskiseilbahn die Kurven oder im Wasser befindliche Rampen (sog. Obstacles).<\/p>\n","protected":false},"excerpt":{"rendered":"<p>Paarski Mit Paarski wird traditionell begonnen wenn man das erste Mal Kontakt mit dem Wassersport hat. Man beginnt gebeugten Knien aus der Hocke sitzend mit dem Start aus dem Wasser wobei die Arme lang gestreckt sein sollen. Die Skispitzen schauen aus dem Wasser und das Boot zieht an. Nach \u00fcblicherweise 1 &#8211; 2 Fehlversuchen gelingt &hellip; <\/p>\n<p class=\"link-more\"><a href=\"https:\/\/www.wasserski-hannover.de\/?page_id=113\" class=\"more-link\"><span class=\"screen-reader-text\">\u201eDisziplinen\u201c<\/span> weiterlesen<\/a><\/p>\n","protected":false},"author":1,"featured_media":0,"parent":0,"menu_order":0,"comment_status":"closed","ping_status":"closed","template":"","meta":{"footnotes":""},"class_list":["post-113","page","type-page","status-publish","hentry"],"_links":{"self":[{"href":"https:\/\/www.wasserski-hannover.de\/index.php?rest_route=\/wp\/v2\/pages\/113","targetHints":{"allow":["GET"]}}],"collection":[{"href":"https:\/\/www.wasserski-hannover.de\/index.php?rest_route=\/wp\/v2\/pages"}],"about":[{"href":"https:\/\/www.wasserski-hannover.de\/index.php?rest_route=\/wp\/v2\/types\/page"}],"author":[{"embeddable":true,"href":"https:\/\/www.wasserski-hannover.de\/index.php?rest_route=\/wp\/v2\/users\/1"}],"replies":[{"embeddable":true,"href":"https:\/\/www.wasserski-hannover.de\/index.php?rest_route=%2Fwp%2Fv2%2Fcomments&post=113"}],"version-history":[{"count":12,"href":"https:\/\/www.wasserski-hannover.de\/index.php?rest_route=\/wp\/v2\/pages\/113\/revisions"}],"predecessor-version":[{"id":252,"href":"https:\/\/www.wasserski-hannover.de\/index.php?rest_route=\/wp\/v2\/pages\/113\/revisions\/252"}],"wp:attachment":[{"href":"https:\/\/www.wasserski-hannover.de\/index.php?rest_route=%2Fwp%2Fv2%2Fmedia&parent=113"}],"curies":[{"name":"wp","href":"https:\/\/api.w.org\/{rel}","templated":true}]}}