{"id":58,"date":"2017-01-25T11:53:16","date_gmt":"2017-01-25T11:53:16","guid":{"rendered":"http:\/\/test.wasserski-hannover.de\/?page_id=58"},"modified":"2020-08-17T18:30:01","modified_gmt":"2020-08-17T17:30:01","slug":"preise-konditionen","status":"publish","type":"page","link":"https:\/\/www.wasserski-hannover.de\/?page_id=58","title":{"rendered":"Konditionen"},"content":{"rendered":"<h3>Was kostet der Spa\u00df?<\/h3>\n<p>F\u00fcr G\u00e4ste kostet die Laufminute aktuell 2,20 \u20ac die Minute, Kinder bis 16 Jahre zahlen die H\u00e4lfte. Der Preis gilt f\u00fcr s\u00e4mtliche Disziplinen (Paarski, Wakeboard, Slalom, Trickski und Barfuss-Wasserski). Inbegriffen ist dabei s\u00e4mtliches Leihmaterial (Neoprenanzug (je nach Statur), Schwimmweste und Skier) sowie individuelle Tips und Ratschl\u00e4ge bei unser \u00fcber 50-j\u00e4hrigen Erfahrung. Bei Bedarf kann ein begleitetes Trockentraining an unserem Trainingsbaum durchgef\u00fchrt werden.<\/p>\n<p>F\u00fcr Anf\u00e4nger bietet sich zus\u00e4tzlich unser spezieller Schnuppergutschein an.<\/p>\n<h3>Mitgliedschaft<\/h3>\n<p>F\u00fcr Mitglieder <span style=\"font-family: Verdana,Arial,Helvetica,Lucida Sans,Tahoma;\">kostet die Laufminute 1,10 \u20ac (Kinder bis 16 Jahre zahlen die H\u00e4lfte) zzgl. des Monatsbeitrages. Eine einmalige Aufnahmegeb\u00fchr existiert seit 2019 nicht mehr, daf\u00fcr betr\u00e4gt die Mindestmitgliedschaft nun 24 Monate.\u00a0 <\/span><\/p>\n\n<table id=\"tablepress-1\" class=\"tablepress tablepress-id-1\">\n<thead>\n<tr class=\"row-1\">\n\t<th class=\"column-1\"><h5>Mitgliedschaft<\/h5><\/th><th class=\"column-2\"><h5>Monatsbeitrag<\/h5g><\/th>\n<\/tr>\n<\/thead>\n<tbody class=\"row-striping row-hover\">\n<tr class=\"row-2\">\n\t<td class=\"column-1\">Einzelmitglied<\/td><td class=\"column-2\">21 \u20ac<\/td>\n<\/tr>\n<tr class=\"row-3\">\n\t<td class=\"column-1\">Ehepaare<\/td><td class=\"column-2\">32 \u20ac<\/td>\n<\/tr>\n<tr class=\"row-4\">\n\t<td class=\"column-1\">Familien<\/td><td class=\"column-2\">36 \u20ac<\/td>\n<\/tr>\n<tr class=\"row-5\">\n\t<td class=\"column-1\">Azubis &amp; Studenten (bis 27 Jahre)<\/td><td class=\"column-2\">15 \u20ac<\/td>\n<\/tr>\n<tr class=\"row-6\">\n\t<td class=\"column-1\">Jugendliche (bis 16 Jahre)<\/td><td class=\"column-2\">9 \u20ac<\/td>\n<\/tr>\n<tr class=\"row-7\">\n\t<td class=\"column-1\">Passiv<\/td><td class=\"column-2\">8 \u20ac<\/td>\n<\/tr>\n<\/tbody>\n<\/table>\n<!-- #tablepress-1 from cache -->\n<h3>Wasserski an der Seilbahn ist viel doch billiger?!<\/h3>\n<p>Da an einer Wasserskiseilbahn bis zu 20 Personen gleichzeitig Wasserski laufen k\u00f6nnen, ist die Aus\u00fcbung dort grunds\u00e4tzlich erstmal preiswerter. Die &#8222;Abfertigung&#8220; erfolgt von einem Startsteg an dem die L\u00e4ufer in einer Warteschlange stehen. Sobald ein Abnehmer frei ist erfolgt der Start. Nach einem Sturz muss der L\u00e4ufer an Land schwimmen und seine Ski zur\u00fcck zum Start tragen um sich erneut anstellen zu k\u00f6nnen. Durch die drastischen Richtungs\u00e4nderungen in den Kurven (meist im 90 Grad-Winkel) kommt es nach erfolgreichem Start besonders dort zu vielen St\u00fcrzen.<\/p>\n<p>Der Betrieb hinter dem Boot erfolgt deutlich individueller und ist damit auch vom Preis pro Minute gesehen teurer. Da der L\u00e4ufer nach einem Sturz jedoch direkt wieder starten kann und sich somit die Zeit f\u00fcr Zur\u00fccklaufen und Anstellen einspart, ist die effektive Zeit k\u00fcrzer womit die Stundentarife an Seilbahnen relativ gesehen meist teurer sind. Die Fehleranalyse nach einem Sturz an der Seilbahn ist weniger gut m\u00f6glich als beim Bootsbetrieb da sich dort der Coach nur mit einem L\u00e4ufer und dessen Haltung auf dem Wasser besch\u00e4ftigt.<\/p>\n<p>Zudem ist auch die Wahl der Geschwindigkeit hinter dem Boot indivudell nach L\u00e4uferw\u00fcnschen anpassbar. An einer Wasserskianlage ist dies durch die gleichzeitige Fahrt vieler L\u00e4ufer nicht m\u00f6glich. \u00dcblicherweise werden die Seilbahnen mit 28 &#8211; 30 kmh betrieben, wobei diese Geschwindigkeit hinsichtlich Wakeboard und erfahrene Paarski-L\u00e4ufer ausgelegt ist. Besonders f\u00fcr komplette Anf\u00e4nger w\u00e4hlen wir hinter dem Boot ein viel geringere Geschwindigkeit.<\/p>\n<p>Wir wollen die Wasserskiseilbahnen hier keinesfalls schlecht reden. Auch wir drehen ab und zu auch mal ein paar Runden dort, besonders zum Trainingsanfang da die Seen im April und Mai doch deutlich w\u00e4rmer sind als Flie\u00dfgew\u00e4sser. Bei uns bekommst du jedoch die M\u00f6glichkeit, individuell auf deine F\u00e4higkeiten angepasstes Wasserskilaufen und Coaching ohne gewerbliches Interesse im Hintergrund sondern aus Spa\u00df und Freude am &#8222;geilsten Sport der Welt&#8220;.<\/p>\n<h3>Gruppenanfragen<\/h3>\n<p>Wir als Verein betreiben den Wasserskisport eher hobbym\u00e4\u00dfig und haben daher keine Gewinnerzielungsabsichten. <strong>F\u00fcr die Betreuung von Gruppen von mehr als 6 Personen haben wir leider keine M\u00f6glichkeiten<\/strong> da unsere personellen Kapazit\u00e4ten begrenzt sind. F\u00fcr Junggesellenabschiede weisen wir daraufhin hin, dass der Wasserskil\u00e4ufer sowie eventuelle Beifahrer im Boot n\u00fcchtern sein m\u00fcssen. F\u00fcr Terminvereinbarungen kontaktierst du uns am besten via post@wasserski-hannover.de<\/p>\n","protected":false},"excerpt":{"rendered":"<p>Was kostet der Spa\u00df? F\u00fcr G\u00e4ste kostet die Laufminute aktuell 2,20 \u20ac die Minute, Kinder bis 16 Jahre zahlen die H\u00e4lfte. Der Preis gilt f\u00fcr s\u00e4mtliche Disziplinen (Paarski, Wakeboard, Slalom, Trickski und Barfuss-Wasserski). Inbegriffen ist dabei s\u00e4mtliches Leihmaterial (Neoprenanzug (je nach Statur), Schwimmweste und Skier) sowie individuelle Tips und Ratschl\u00e4ge bei unser \u00fcber 50-j\u00e4hrigen Erfahrung. &hellip; <\/p>\n<p class=\"link-more\"><a href=\"https:\/\/www.wasserski-hannover.de\/?page_id=58\" class=\"more-link\"><span class=\"screen-reader-text\">\u201eKonditionen\u201c<\/span> weiterlesen<\/a><\/p>\n","protected":false},"author":1,"featured_media":0,"parent":0,"menu_order":0,"comment_status":"closed","ping_status":"closed","template":"","meta":{"footnotes":""},"class_list":["post-58","page","type-page","status-publish","hentry"],"_links":{"self":[{"href":"https:\/\/www.wasserski-hannover.de\/index.php?rest_route=\/wp\/v2\/pages\/58","targetHints":{"allow":["GET"]}}],"collection":[{"href":"https:\/\/www.wasserski-hannover.de\/index.php?rest_route=\/wp\/v2\/pages"}],"about":[{"href":"https:\/\/www.wasserski-hannover.de\/index.php?rest_route=\/wp\/v2\/types\/page"}],"author":[{"embeddable":true,"href":"https:\/\/www.wasserski-hannover.de\/index.php?rest_route=\/wp\/v2\/users\/1"}],"replies":[{"embeddable":true,"href":"https:\/\/www.wasserski-hannover.de\/index.php?rest_route=%2Fwp%2Fv2%2Fcomments&post=58"}],"version-history":[{"count":14,"href":"https:\/\/www.wasserski-hannover.de\/index.php?rest_route=\/wp\/v2\/pages\/58\/revisions"}],"predecessor-version":[{"id":379,"href":"https:\/\/www.wasserski-hannover.de\/index.php?rest_route=\/wp\/v2\/pages\/58\/revisions\/379"}],"wp:attachment":[{"href":"https:\/\/www.wasserski-hannover.de\/index.php?rest_route=%2Fwp%2Fv2%2Fmedia&parent=58"}],"curies":[{"name":"wp","href":"https:\/\/api.w.org\/{rel}","templated":true}]}}