{"id":60,"date":"2017-01-25T11:53:29","date_gmt":"2017-01-25T11:53:29","guid":{"rendered":"http:\/\/test.wasserski-hannover.de\/?page_id=60"},"modified":"2020-08-17T18:31:01","modified_gmt":"2020-08-17T17:31:01","slug":"gutscheine","status":"publish","type":"page","link":"https:\/\/www.wasserski-hannover.de\/?page_id=60","title":{"rendered":"Gutscheine"},"content":{"rendered":"<h3><span style=\"font-family: Verdana,Arial,Helvetica,Lucida Sans,Tahoma;\">Immer eine gute Idee: unser Wasserski-Gutschein<br \/>\n<\/span><\/h3>\n<p><span style=\"font-family: Verdana,Arial,Helvetica,Lucida Sans,Tahoma;\">F\u00fcr Anf\u00e4nger bietet sich ein <strong>Schnupper-Gutschein<\/strong> an. Inbegriffen sind Trockentraining am Land, Startversuche im Wasser sowie eine Runde Wasserski-Laufen unter professioneller Anleitung. Die Zeit auf dem Wasser betr\u00e4gt dabei bis zu 15 Minuten. Die Kosten belaufen sich auf 25,00 Euro inkl. Neoprenanzug (je nach Statur verf\u00fcgbar), Schwimmweste und Ski, Kinder bis 16 Jahre zahlen die H\u00e4lfte. Es sollten grob 60 Minuten eingeplant werden.<br \/>\n<\/span><\/p>\n<p><span style=\"font-family: Verdana,Arial,Helvetica,Lucida Sans,Tahoma;\">Au\u00dferdem bieten wir auch <strong>Wasserski-Gutscheine in Laufminuten<\/strong> f\u00fcr Fortgeschrittene an. Je nach Wunsch wird die Laufzeit gekauft, Kosten liegen aktuell bei 2,20 Euro pro Minute, Kinder bis 16 Jahre zahlen die H\u00e4lfte. Die gekaufte Laufzeit kann \u00fcber mehrere Besuche hinweg bei eingel\u00f6st werden. Auch hier sind Neoprenanzug (je nach Statur), Schwimmweste und Ski inbegriffen.<\/span><\/p>\n<p><span style=\"color: #ff0000;\"><strong><em>Corona-bedingt zurzeit kein G\u00e4ste-Laufbetrieb m\u00f6glich!<\/em><\/strong><\/span><\/p>\n<p><del><strong>Termine zum Schnupper- und G\u00e4stelaufen finden aus organisatorischen Gr\u00fcnden in der Regel am Donnerstag statt. Anfragen bitte mit etwas Vorlaufzeit per Mail \u00fcber <a href=\"mailto:post@wasserski-hannover.de\" target=\"_self\" rel=\"noopener noreferrer\">Post@Wasserski-Hannover.de<\/a> stellen.\u00a0 <\/strong><\/del><\/p>\n","protected":false},"excerpt":{"rendered":"<p>Immer eine gute Idee: unser Wasserski-Gutschein F\u00fcr Anf\u00e4nger bietet sich ein Schnupper-Gutschein an. Inbegriffen sind Trockentraining am Land, Startversuche im Wasser sowie eine Runde Wasserski-Laufen unter professioneller Anleitung. Die Zeit auf dem Wasser betr\u00e4gt dabei bis zu 15 Minuten. Die Kosten belaufen sich auf 25,00 Euro inkl. Neoprenanzug (je nach Statur verf\u00fcgbar), Schwimmweste und Ski, &hellip; <\/p>\n<p class=\"link-more\"><a href=\"https:\/\/www.wasserski-hannover.de\/?page_id=60\" class=\"more-link\"><span class=\"screen-reader-text\">\u201eGutscheine\u201c<\/span> weiterlesen<\/a><\/p>\n","protected":false},"author":1,"featured_media":0,"parent":0,"menu_order":0,"comment_status":"closed","ping_status":"closed","template":"","meta":{"footnotes":""},"class_list":["post-60","page","type-page","status-publish","hentry"],"_links":{"self":[{"href":"https:\/\/www.wasserski-hannover.de\/index.php?rest_route=\/wp\/v2\/pages\/60","targetHints":{"allow":["GET"]}}],"collection":[{"href":"https:\/\/www.wasserski-hannover.de\/index.php?rest_route=\/wp\/v2\/pages"}],"about":[{"href":"https:\/\/www.wasserski-hannover.de\/index.php?rest_route=\/wp\/v2\/types\/page"}],"author":[{"embeddable":true,"href":"https:\/\/www.wasserski-hannover.de\/index.php?rest_route=\/wp\/v2\/users\/1"}],"replies":[{"embeddable":true,"href":"https:\/\/www.wasserski-hannover.de\/index.php?rest_route=%2Fwp%2Fv2%2Fcomments&post=60"}],"version-history":[{"count":9,"href":"https:\/\/www.wasserski-hannover.de\/index.php?rest_route=\/wp\/v2\/pages\/60\/revisions"}],"predecessor-version":[{"id":380,"href":"https:\/\/www.wasserski-hannover.de\/index.php?rest_route=\/wp\/v2\/pages\/60\/revisions\/380"}],"wp:attachment":[{"href":"https:\/\/www.wasserski-hannover.de\/index.php?rest_route=%2Fwp%2Fv2%2Fmedia&parent=60"}],"curies":[{"name":"wp","href":"https:\/\/api.w.org\/{rel}","templated":true}]}}